)/(4/c).
7
Suppose 2*f - 5*f = 3*g - 69, 0 = -2*f - 3*g + 48. Let w(l) = -112*l - 4. Let j be w(5). What is the remainder when (-16)/56 - j/14 is divided by f?
19
Let a = 79 + -71. Let j(n) = -3*n + 28. What is the remainder when 19 is divided by j(a)?
3
Let b(f) be the second derivative of -f**4/12 + 2*f**3 - 3*f**2/2 - f. Let a be b(11). What is the remainder when ((-18)/a)/(3/(-32)) is divided by 9?
6
Suppose -y + 0*y - 125 = -4*l, -l + 2*y + 33 = 0. What is the remainder when 1 + 0 + (-182)/(-2) is divided by l?
30
Calculate the remainder when 154 + 1*(6 - 13) is divided by 6.
3
Let p be ((-4)/3)/(4/(-9)). Suppose 37 + 269 = p*x. What is the remainder when x is divided by 26?
24
Let h(c) = -7*c. Let a = 1042 - 1038. What is the remainder when h(-1) is divided by a?
3
Suppose b + 4*b - 40 = 0. Suppose 0*z + 4 = 2*z. Suppose 24 = z*q - 4. What is the remainder when q is divided by b?
6
Suppose -r = -2*t - 18, 2*t - 10 = -2*r + r. What is the remainder when 66 is divided by r?
10
Let l(w) = w**3 + 13*w**2 + 9*w + 3. Calculate the remainder when l(-12) is divided by 10.
9
Suppose 0 = 33*v - 731 - 127. Let u be ((-27)/18)/(3/8). Calculate the remainder when v is divided by (-17)/(-2) - (-2)/u.
2
Calculate the remainder when 237 is divided by (-16)/128 + (-1731)/(-24).
21
Suppose 3*r + p + 97 = -90, -r - 5*p - 81 = 0. Let q = r + 186. Calculate the remainder when q is divided by 16.
13
Suppose -20 = 3*n - 7*n. Suppose 0 = -n*u - 2*u + 378. Let s = -4 + 23. What is the remainder when u is divided by s?
16
Let x(q) = -q + 10. Let g be x(0). Let s = -8 + g. Suppose 2*f - 22 = s. What is the remainder when 44 is divided by f?
8
Let a(r) = -119 + 217 - 149 - 15*r. Calculate the remainder when a(-6) is divided by 8.
7
What is the remainder when (17/((-187)/(-132)))/(2/14) is divided by 5?
4
Suppose o = -2*o + 9. Suppose 0 = o*u - 19 - 26. Suppose 5*f - 10 = 0, -3*y - 107*f + 14 = -109*f. What is the remainder when u is divided by y?
3
Let p(t) = -t**2 + t + 19. Calculate the remainder when 164 is divided by p(4).
3
Let o(j) = 2*j - 1. Suppose -2*d + 6 = -2. Suppose 5*f - 3*w - 24 = 0, -2*f + 2*w + 3*w = -21. Calculate the remainder when o(d) is divided by f.
1
Let d(x) = -6*x + 2. Suppose 89*i + 72 = 93*i. What is the remainder when d(-5) is divided by i?
14
What is the remainder when -5 - (9 + -7) - -194 is divided by 16?
11
Suppose -21*k + 2565 = -2*k. What is the remainder when k is divided by 14?
9
Let t = -27 + 65. Let d = -25 + t. Suppose 38 + 6 = 2*a. Calculate the remainder when a is divided by d.
9
Suppose -3*p + 1 = -17. Calculate the remainder when 41 is divided by ((-3)/p + 0)*-42.
20
Let b(m) = m**3 + 10*m**2 + 23*m - 13. Let l be b(-6). Let u(w) = -w**2 - 7*w + 6. Calculate the remainder when 38 is divided by u(l).
2
Calculate the remainder when ((-8)/(-3))/1*(21 - -3) is divided by 26.
12
Suppose -4*t - 12 = 2*r - 4, r = t + 2. Suppose 5*i - 25 = -r*i. Calculate the remainder when 1*-3 - (-43 + i) is divided by 18.
17
Suppose 2*a = -12*a + 504. Calculate the remainder when 178 is divided by a.
34
Let o = -669 + 703. Calculate the remainder when 1187 is divided by o.
31
Suppose -18*i + 24 = -14*i. Let r be (10/i)/(60/72). Suppose n - 13 - r = 5*t, 5*n - 51 = t. What is the remainder when 19 is divided by n?
9
Suppose 0 = 6*a - a - 3*x - 199, 3*x - 181 = -5*a. Let q = 239 - a. Let h = 336 - q. Calculate the remainder when h is divided by 34.
33
Suppose -2*f - 19 = -3*z, -f = -3*z + 7*z - 40. Calculate the remainder when 41 is divided by z.
5
Let f(s) = 5*s**2 + 128*s - 26. What is the remainder when f(-26) is divided by 4?
2
Let u(x) = x**2 + 4*x + 5. Let k be u(-2). Suppose 2*q - 10 = -2*w + 14, 5*w - 3*q - 52 = 0. What is the remainder when w is divided by k/2 - 33/(-6)?
5
Let w be ((-4)/(-10))/((-5)/(-50)). Suppose 3*f - 14 = -5*t, 24 = 4*t - w*f - 0*f. Let y = 2 + 1. What is the remainder when t is divided by y?
1
Let u(i) = -28*i - 52. What is the remainder when 134 is divided by u(-2)?
2
Let h(d) = d**3 + 22*d**2 + 8*d + 16. What is the remainder when h(-21) is divided by 42?
37
Let l = 345 - 297. Let g = 32 + -18. What is the remainder when l is divided by g?
6
Suppose 0 = -d + 12 - 1. Let z(s) = s**3 + 9*s**2 + 9*s + 14. Calculate the remainder when d is divided by z(-8).
5
What is the remainder when 27 is divided by (-24)/(13/(-39) + (-4)/6)?
3
Suppose 0*m = 4*m - 20. Suppose -2*y = m*t - 70, 0*t = -t + y + 21. Suppose -2*n + 68 = c + 2*c, 5*c + 92 = 4*n. Calculate the remainder when n is divided by t.
12
Let d = 47 - 77. Let r = d - -54. Suppose -2*q - 2*n + r = 0, -5*n + 6 = -3*q + 2. Calculate the remainder when q is divided by 3.
1
Suppose -352 = -57*p + 446. Let y(d) = -2*d - 1. Calculate the remainder when p is divided by y(-3).
4
Suppose 71 = 2*v + 41. Calculate the remainder when 57 is divided by v.
12
Let a(c) = -c**3 + 21*c**2 - 5*c + 25. Calculate the remainder when a(18) is divided by 91.
88
Let s be (-6)/2*(-24)/18. Suppose -5*o = -2*k + 20, s*o - 2*o - 8 = 4*k. Calculate the remainder when (o/(-9))/((-2)/(-42)) is divided by 6.
2
Let a be (-2)/(-12)*-4*(-24)/(-8). Let w(l) = -7*l - 2*l + 0*l. Calculate the remainder when 34 is divided by w(a).
16
Let d = 13 + -11. Suppose u - 2*a - 17 = 0, d*u + 0*u = 3*a + 38. Suppose -v = -4*x - 27, v + 2*x = 4*x + u. What is the remainder when 43 is divided by v?
20
Let n(a) = a - 1. Let g(y) = -y**3 + 7*y**2 - 5*y + 5. Let b(c) = g(c) - 3*n(c). Let i be b(6). What is the remainder when 49 is divided by 12 + i/4 + 2?
10
Suppose 4*r + 4*o - 48 = 0, -4*r - 2*o + 46 = -0*r. Suppose -96 - 40 = -68*f. Calculate the remainder when r is divided by f.
1
Let r(n) = -n**2 - 11*n - 15. Calculate the remainder when 42 is divided by r(-8).
6
Suppose 21 - 5 = 4*g. Let s(l) = 2*l**2 - 5*l + 1. Calculate the remainder when 23 is divided by s(g).
10
Let s be 1*2 - 51/1. Let y = 90 + s. Suppose 4*v = 3*b - 7*b + 48, -3*b + 29 = -4*v. Calculate the remainder when y is divided by b.
8
Let z = 81 + -72. What is the remainder when ((-3)/z - 1)*(-7 - 14) is divided by 15?
13
Let h(y) = -11*y - 2. Let a(c) = 3*c**3 - 223*c**2 + 69*c + 465. Calculate the remainder when a(74) is divided by h(-2).
15
Let s = -2583 - -2762. What is the remainder when s is divided by 63?
53
Calculate the remainder when 680 is divided by 0/(0 - 10) + 30 + 1.
29
Let x(u) = u**3 - 2*u**2 - u + 2. What is the remainder when 188 is divided by x(3)?
4
Let a(x) = -6*x + 51. What is the remainder when 159 is divided by a(8)?
0
Let h = 29 - 26. Calculate the remainder when 43 is divided by ((-2)/(-6))/(h/99).
10
Suppose 5 - 9 = p. Let t(m) = m**3 + 2*m**2 - 10*m - 7. What is the remainder when 2 is divided by t(p)?
0
Let g(d) = 8*d - 5. Let b be g(3). Suppose -5*r + 14 = w, -w + 3*r = 7*r - b. Calculate the remainder when w is divided by 10.
9
Suppose -5*j = -110 - 35. Let x(q) = -8*q + 19. Let b be x(6). Let n = -21 - b. What is the remainder when j is divided by n?
5
Suppose 2200 = -40*h + 51*h. Calculate the remainder when h is divided by 35.
25
Let s = -3 - -15. Calculate the remainder when 9 + 1 + (28 - -8) is divided by s.
10
Let k(z) = 6*z**2 - 1. Suppose -115 = -2*t + 3*m - 4*m, -2*m = 2*t - 110. Let x = t - -30. What is the remainder when x is divided by k(-2)?
21
Let i(n) = 2*n**3 - n**3 + 2 + 4*n**2 + n - 6*n**2. Let u = 120 + -81. Calculate the remainder when u is divided by i(3).
11
Let f = -11 + 2. Let k(v) = -v**3 - 9*v**2 - v + 12. Let w be k(f). Calculate the remainder when 24 is divided by 3/(-2) - w/(-2).
6
Suppose 7670 = 49*n - 23*n. Calculate the remainder when n is divided by 151.
144
Suppose 5*d - 118 = -3*k - 19, -165 = -5*k - 2*d. What is the remainder when k is divided by 6?
3
Let b = -467 - -484. Calculate the remainder when 147 is divided by b.
11
Let s be 35/(-14)*(-2 + 0). Suppose s*h - 5 = 45. Calculate the remainder when 28 is divided by h.
8
Let w = 13 - 9. Suppose 4*l + 225 = 3*b, 0 = w*b - 2*l - 107 - 183. Suppose 5*o - 79 - b = 0. What is the remainder when 89 is divided by o?
29
Let k = 791 + -775. What is the remainder when 55 is divided by k?
7
Let x(n) be the first derivative of 1/2*n**2 + n**3 - 11*n - 1. Calculate the remainder when x(-5) is divided by 30.
29
What is the remainder when 4